+ (-5 - (-12 - (8 + -5)))?
-4
What is 21 + -22 + (1 - 2)?
-2
Evaluate 17 + (-40 - -10) + 18.
5
Calculate -23 + 22 - (1 - 1 - 15 - 3).
17
What is -18 + 27 + -53 + 12?
-32
Calculate 25 + (19 - 30) + 7.
21
-1 + 40 + -34 + 7
12
-14 - ((-4 - -11) + -21)
0
-2 + -1 + -13 + 8 + -1 + 18
9
What is the value of 6 - (0 + (7 - 3) - (5 - -5))?
12
What is the value of -2 - (-19 + 9 - -8) - (18 - 22)?
4
Calculate (-4 - 11) + -43 + 60.
2
What is 1 - 12 - (-8 - -10)?
-13
What is -34 - -3 - ((-4 - -2) + -7)?
-22
What is the value of 7 + (-1 - 2 - -2)?
6
Calculate -16 - (-9 + (6 + 0 - 4) + 6).
-15
Evaluate (77 - 67) + (-17 - -4 - -4).
1
What is the value of -5 - (16 + (-11 - 16))?
6
What is the value of 2 - -9 - (-86 + 86)?
11
15 + (-10 - -5) + 0
10
(26 - 10) + (26 - 49)
-7
Evaluate 14 - (6 + 5 + 6).
-3
Calculate (26 - 49) + 44 - -5.
26
What is (12 - (9 - (8 - 15))) + 17?
13
-37 + (14 - 16) - -3 - (-5 - 3)
-28
(-12 - 31) + 21 + 8
-14
What is the value of (-8 - (-2 - 8)) + 3?
5
(-31 - -14) + (1 - -15)
-1
Evaluate (14 - (6 + 5 + -4)) + -3 - -14.
18
What is (-1 - -2 - 0 - 0) + (488 - 488)?
1
Calculate 3 + 13 - (-31 - -20 - -15).
12
What is -20 - 0 - (47 + -53)?
-14
Calculate 15 + 8 + -49 + -18 + (10 - -1).
-33
What is -13 + -9 + (-15 - -40)?
3
Calculate 1 - -33 - 0 - ((-5 - -25) + -16).
30
Calculate 17 + (43 - 79) + 10.
-9
What is the value of -26 + 28 + -16 + (-4 - -1) - -4?
-13
What is the value of -1 - (12 + 23 + -23)?
-13
Calculate -11 - (-1 + 0) - ((-2 - -1) + 4).
-13
What is 19 - (-37 + 14 - -42)?
0
What is -7 - -19 - 8 - (-6 + -1)?
11
12 - (0 - (1 + -13))
0
Evaluate 1 - -3 - (11 + 2).
-9
Calculate 14 - (5 + 11 - 9).
7
-2 + 3 - 6 - (6 - -4)
-15
(-4 - (-4 - -4) - -13) + -11
-2
What is the value of 3 + -17 + (0 - (5 - (14 - 5)))?
-10
Evaluate 9 + -1 + (-5 - (-7 + (4 - -2))).
4
-6 - -2 - 33 - -34
-3
Evaluate 24 - (-19 + -1 - -30).
14
Evaluate -1 + (0 - 9) - (-4384 - -4367).
7
What is -4 + (6 - (-13 - 3))?
18
What is the value of -10 + -3 + 5 - 6?
-14
What is 12 - 0 - (46 - 27)?
-7
Calculate (4 - 6) + 1 + -1 + -9 + 10.
-1
Evaluate 0 - (3 - (11 + -19 - -13)).
2
What is -1 - -8 - (16 + -5)?
-4
What is 0 + 27 - (-23 + 40)?
10
Evaluate -1 + 68 + (33 - 65).
35
What is the value of (11 - (6 + -4)) + (-24 - (-2 - -7))?
-20
What is the value of 0 - ((-10 - 2) + (29 - 29))?
12
Evaluate -3 - 2 - (379 - 374).
-10
Calculate 9 - 19 - (3 - (-10 + 6)).
-17
What is the value of 12 + (-31 - (-27 - -16 - -13))?
-21
What is -4 + (6 - (19 + -15))?
-2
What is (-9 + -2 - (-9 - -2)) + 6?
2
5 - 8 - ((0 - (1 + -5)) + 4)
-11
Evaluate -12 + 35 + -6 + -15.
2
Calculate (4 - (4 + -2 + -3)) + 3 + -7.
1
Calculate 17 + 12 + (-23 - 13).
-7
What is the value of -4 + 0 + 2 + 25 + (9 - 12)?
20
Calculate (-2 - -4) + 39 + -41.
0
What is the value of -32 - (29 - 38 - -14)?
-37
Evaluate 3 + -3 + 7 + (-4 - (-2 + 16)).
-11
Calculate -6 - (23 - (15 + 18)).
4
What is -5 + (10 - (-11 + 23 + -11 - 7))?
11
Calculate 19 - (-10 + -1 - -11) - (-2 - -10).
11
Calculate (-7 - -10) + 2 + -13 + 14 + 3.
9
What is 5 - (3 - (-8 - 10))?
-16
-19 - (-9 + (8 - (-5 + 4)) - -1)
-20
3 - (16 + 3) - (-6 + 4)
-14
What is -1 + (3 - -19 - 11)?
10
What is the value of 16 - (20 + 11 + -6)?
-9
Evaluate 32 + 77 + -82 - (9 - (3 - 2)).
19
What is -62 - (-37 - -3) - -7?
-21
Evaluate -6 + (11 - (12 - 7)) + -9.
-9
What is 20 + -16 + 3 + -25?
-18
5 - (-9 + 6 - 0) - 8
0
What is the value of (-5 - -19) + -14 + -7?
-7
27 + (-16 - (-2 + 1)) - (0 - -42)
-30
What is -2 - 3 - (-8 - (-8 - -4))?
-1
What is 4 - ((4 - (-2 - -5)) + -5)?
8
Calculate (28 - 0) + 8 + -29.
7
What is the value of 7 - 14 - 4 - (-10 + -12 + 12)?
-1
Evaluate -10 - (2 - 4 - (0 + 6)).
-2
Calculate 1 + -17 - (-183 + 138) - 14.
15
What is the value of (4 - 0) + (36 - 12 - 12)?
16
What is the value of -3 + (9 - (-18 + 14))?
10
Evaluate (-6 - (-2 + (8 - (6 - 3)))) + 2.
-7
Evaluate 15 - 21 - 22 - -15.
-13
What is the value of -18 + 1 + 1 - ((-11 - -3) + 5)?
-13
What is the value of (0 + 7 - 15) + 29 + 5 + -10?
16
Evaluate -6 - -11 - (-17 + (0 - -6) + 4).
12
Evaluate (0 - -2) + 4 + 2 + -11.
-3
Evaluate 26 - (-5 - (-41 + 7)).
-3
What is the value of 14 + -2 + 138 + -143?
7
Evaluate (4 - (-42 - -44)) + (-4 - 0).
-2
What is the value of 12 + 3 + -2 + 10 + (-6 - 2)?
15
What is -29 + (-3 - -30 - 24)?
-26
What is the value of (-2 - 7) + (698 - 688)?
1
What is (5 - 5 - 5) + 5 + (4 - 10)?
-6
What is the value of (-7 - (9 - 31)) + (-1 + 2 - -8)?
24
Calculate -20 - (-5 + 19 + -52).
18
Evaluate (14 - 10) + 8 + -12.
0
Evaluate -8 - (1 - -5 - (8 + -2)).
-8
Calculate (190 - 171) + (-2 - 0).
17
What is 0 + 9 + 19 - (0 + 10)?
18
-1 + 0 + (221 - 217) - (0 - 2)
5
What is the value of -10 + 0 - (0 + (-24 - -4 - -14))?
-4
What is 1 - 0 - 38 - (-17 + 31 + -21)?
-30
Evaluate (-39 - (-20 - 2)) + 5.
-12
Evaluate -27 + 39 - -34 - 23.
23
Calculate 2 + 34 - (90 + -74).
20
What is the value of (33 - 24) + 2 + 16 + -2?
25
What is the value of (8 + -24 - 0) + -4 - -5?
-15
What is -57 - (-2 - 52) - (2 + -40)?
35
What is the value of 2 + 6 + 3 + 1 + (-24 - -12)?
0
Calculate 1679 + -1665 - (-6 + 0).
20
What is -37 - (-5 + -10 - 3 - -9)?
-28
(-8 - -1) + (-6 - (1 + 9 - 11))
-12
Calculate (-40 - 0) + 23 + -1.
-18
Evaluate (3 - 7 - ((13 - 5) + -7)) + 1.
-4
Calculate -17 - (-102 - -57) - (-1 - -11).
18
Evaluate 14 + (5 - 9 - 12).
-2
What is (-92 - -116) + (-2 - 16)?
6
-3 - 1 - (-21 + 31 - 11)
-3
Calculate (-5 + (7 - 23) - (-27 + 30)) + -2.
-26
What is 15 - (1 + 5 + 10 + -10)?
9
What is -90 + 72 - (-14 + 3)?
-7
Evaluate 5 - (-13 + 2 + 2 + 4).
10
Calculate (-7 + 14 + -9 + -1 - 9) + -15.
-27
Evaluate (15 - 8) + (-4 - (0 + -11)).
14
What is 14 + 2 + (-7 - -1) + 46 + -43?
13
11 + (-21 - 12 - -6) + 10
-6
Calculate (2 + 7 - 5 - (9 - -28)) + -3.
-36
What is 1 + 0 + (16 - 28) + -7?
-18
-10 + -5 + (10 - (8 + -7))
-6
What is the value of (4 - 3) + (-3 + -3 - -5) + 1?
1
What is -8 + 1 + 10 + -8?
-5
What is the value of 3 + (5 + -8 - -6) + -5 + 0?
1
What is 5 - -5 - (5 + -1 + -3)?
9
Calculate 46 + -49 + (7 - -4).
8
Calculate 5 - 3 - (-3 - ((-13 - -26) + -5)).
13
Calculate -16 - (-5 + (-12 - -2 - -6)).
-7
Calculate 3 - (1 + -4 + 7).
-1
What is the value of -1 - (-1 - (4 + -13))?
-9
Evaluate 6 - 2 - 3 - (-36 + 29).
8
-454 + 444 + 1 + -1
-10
Calculate -9 - (12 + -5 - 17).
1
Calculate (-14 - -2) + 8 + -8 + -12.
-24
What is the value of (5 - -4) + 14 + -3 + (12 - 17)?
15
-51 + (22 + -50 - -66)
-13
19 + -3 + -13 + 5 + (0 - 0)
8
Evaluate (-17 - -23) + 2 + -1 + 10 + 7.
24
What is the value of 0 + 7 + -13 - 1?
-7
What is -1 - (9 - 19) - -6?
15
Calculate -12 + 4 + -1 + -18 + 10 + -1.
-18
What is (-8 - -14) + (20 - 32)?
-6
Evaluate 28 + (-6 - -5) + 3 - (-5 - -11).
24
Evaluate (-159 - -165) + -14 + 0.
-8
-3 + (4 - (-2 + 6))
-3
Calculate -5 - (-2 - -2) - -16 - 2.
9
What is the value of -5 - -1 - (-2 + 12 + (-8 - -7))?
-13
(-1 - (-21 - -15)) + -13 + (2 - 1)
-7
What is -9 + -1 - (-8 + 5 - 12)?
5
What is the value of 5 + ((-7 - -13) + -10 - 1 - 27)?
-27
What is the value of 13 + (9 - -1) + -10 + 8?
21
Calculate 3 + -5 + -11 + 4 - 3.
-12
Evaluate -8 - -11 - (30 + -25).
-2
What is -8 - (-38 + 14) - 19?
-3
Evaluate (-9 - ((3 - 7) + -4)) + -4.
-5
What is -45 + 17 + 13 - (-4 - -2)?
-13
Evaluate -3 + 16 + (-34 - (-15 + -28)).
22
What is the value of 4 + -23 - (37 + -37 + -4 + -2)?
-13
What is the value of 3 - (-10 + 1 + 18 + 2)?
-8
What is 25 + (3 - (-13 - -12) - 4)?
25
Calculate -32 + 23 + 9 + -16 - 14.
-30
What is (-1 - (-5 - -2)) + -20?
-18
What is 5 + 7 + -10 + -5?
-3
Calculate (-11 - (-24 + -1)) + -1 - (-2 + -7).
22
Evaluate (-15 - -48) + (-10 - 59).
-36
Calculate -9 + 2 + (6 - (-11 - -16)) + -12.
-18
What is the value of -1 + 20 + (-36 - -24)?
7
What is the value of -6 + -1 + (10 - 12 - (-1 - -5))?
-13
What is the value of -7 - ((13 - (17 + -14)) + -10)?
-7
Evaluate -18 + (3 + 7 + -6 - -4).
-10
What is 45 + -46 - (0 + -15) - -2?
16
What is 3 - (-1 - -10) - (-136 + 111)?
19
What is the value of -48 - -43 - -45 - 44?
-4
Evaluate 23 - (25 - -6) - -14.
6
Evaluate 24 - -7 - (12 + 0) - 14.
5
What is 0 - ((-13 - -11) + 6 - -16)?
-20
What is the value of -5 + (2 + 2 - (-36 - -44))?
-9
Evaluate 1 - -13 - -2 - (-1571 + 1580).
7
What is (2 - (3 + 20)) + -1 + 13?
-9
Evaluate 1 - 15 - (10 - 24 - -12).
-12
Calculate -16 + 2 - (-35 - -14).
7
Calculate (12 - (-28 -